 the third derivative of -r**6/120 + 3*r**5/20 - 7*r**4/12 - r**3 - 82*r**2. Let c be l(7). Let n(k) = k**2 + 5*k + 7. Calculate n(c).
13
Suppose 50 = 8*i - 6. Suppose -2*x = -3*w - 6, i*x - 4*x - 9 = 3*w. Let r(q) = -q**2 - 15. Give r(w).
-15
Let a be 385/55 + ((-170)/(-15))/(-2). Let s(p) be the second derivative of -26*p + 0 - a*p**3 + 1/12*p**4 + 0*p**2. Determine s(7).
-7
Let y(k) = -5*k - 7. Let r(o) be the third derivative of o**4/8 + 2*o**3/3 - 13*o**2. Let b be r(-2). Let v be y(b). Let d(x) = x - 7. Determine d(v).
-4
Suppose 4*u = -24 - 4. Suppose 0 = -3*a + 5*y - 6, 3*a + 1 = -3*y + 19. Let w(v) = 1 - 4*v + 931*v**a - 930*v**3 + 5*v + 7*v**2. Calculate w(u).
-6
Let j(g) = g**2 - 8*g + 8. Let o = 39 + -21. Let u = 317 + -306. Let f = o - u. What is j(f)?
1
Let b(f) = 2*f - 29. Let m be (-3)/(25/(-15) + 6/36). Suppose 4*h - m*h = -4*i + 50, i - 16 = 3*h. Give b(i).
-3
Suppose 10*d - 10 = -70. Let m = 18 + d. Let g(v) = -v + 14. What is g(m)?
2
Let d(o) = o**3 - 2*o**2 - 1. Suppose 0 = -r - n + 3, -r - 10*n + 1 = -8*n. Suppose -a - r = 20*b - 17*b, -10 = -4*a - 2*b. Give d(a).
31
Let q(o) be the second derivative of -5*o**3/6 + 29*o**2/2 + 348*o + 1. Give q(8).
-11
Let y(z) = z**3 - 3*z**2 + 3*z + 2. Suppose -24*b + 499 - 91 = 0. Suppose 0 = -x + 5*s - b, 6*x - s = 4*x + 2. Give y(x).
11
Suppose 2*y - 7 = -23. Let h(z) = -9*z**3 - 7*z**2 + 11*z - 5. Let j(v) = -19*v**3 - 14*v**2 + 22*v - 12. Let x(n) = -17*h(n) + 8*j(n). Calculate x(y).
13
Let a(x) = -2*x**2 + 8*x + 5. Let c be (2 + -5 + 21/7)*(-106)/742. Calculate a(c).
5
Let z(y) = 36*y**2 + 180*y + 5. Let f(g) = 183*g**2 + 901*g + 26. Let p(o) = 2*f(o) - 11*z(o). Determine p(-6).
-15
Suppose 2*l - u = -30, 67 = -l - 165*u + 172*u. Let m(a) = a**3 + 9*a**2 - 24*a - 12. What is m(l)?
10
Suppose 9*l - 10*l = -5*r + 45, -r - l + 3 = 0. Let p(i) = 8 - 1 - 4*i + 8*i**2 - 23 + 6 - i**3. Give p(r).
-42
Let k(y) = 24*y - y**3 - 4*y**2 + 13*y**2 - 30*y - 9. Let q(z) = -26 + z**2 + 15 - 6. Let g be q(-5). Determine k(g).
7
Suppose b + 1 = -3*i, -i - 5 = 5*b - 3*i. Let u(l) = -142*l - 1. Let f(w) = -85*w - 1. Let k(g) = 5*f(g) - 3*u(g). Determine k(b).
-3
Let j(s) = -9 + 12*s - 15*s - 3*s**2 + 3*s + 11*s + 2*s**2. Calculate j(8).
15
Let q(s) = 3*s + 41 + 25 + 2*s + 3. Let u be q(-24). Let n = u + 61. Let g(l) = l**3 - 11*l**2 + 11*l - 13. Give g(n).
-3
Let y(o) = 24*o + 750. Let s = 11321 - 11352. Calculate y(s).
6
Let d(s) = 19*s**3 + 8*s**2 + 13*s + 7. Let a(p) = -5*p**3 - p + 1. Let t(u) = 4*a(u) + d(u). Determine t(9).
11
Let f(q) = -5*q**2 - 12*q - 4. Let p(d) = -8*d**2 - 22*d - 7. Let y(o) = -5*f(o) + 3*p(o). Suppose 868*r = 872*r - 20. Calculate y(r).
-6
Let l(g) = 4*g - 7. Suppose -29*o - 13242 = 4216. Let h = o + 607. Calculate l(h).
13
Let u(k) = k**2 - 22*k - 134. Suppose 82*z - 43*z + 27 = 40*z. Determine u(z).
1
Suppose 3*f = k - 7, 5*f - f - 3*k + 6 = 0. Let x(o) = -o + 6 - 14 + 7 + 5. Give x(f).
7
Let u(b) = -b + 5. Suppose 0 = 5*k + 19 - 29. Suppose -63 = -p - k*p. Let m = -17 + p. Determine u(m).
1
Let d(q) = 2*q**2 + 35*q - 18. Let l be d(-18). Let c(i) be the second derivative of -19*i + i**2 + l + 2/3*i**3 + 1/12*i**4. What is c(-2)?
-2
Let m be (-12)/(84/35) + 4. Let o(x) = 85*x**2 - x. What is o(m)?
86
Let d(r) = r**3 - 15*r + 3. Let y be d(-4). Let n(a) = -4*a**3 - 3*a**2 - 8*a - 8. Let i(w) = w**3 + w + 1. Let k(f) = y*n(f) - 5*i(f). Give k(4).
-1
Let z(s) = -s + 11. Let c be z(11). Let t(v) = 24 + 30 + 33 - v - 79. Determine t(c).
8
Let o(a) = 244 + 257 + 5*a - 704 + 239. Calculate o(-8).
-4
Let h(i) = 123*i**2 - 21*i - 27. Let s(z) = 28*z**2 - 5*z - 6. Let j(u) = -2*h(u) + 9*s(u). Determine j(1).
3
Let o(f) = 3*f - 660 + 5*f + 19*f + 259 + 315. Give o(3).
-5
Let b(q) = -650 - 32*q - 613 - 603 + 1660. Give b(-6).
-14
Let i(c) = 13*c - 404. Let u(s) = 3*s**2 + 40*s + 4. Let b be u(-14). Calculate i(b).
12
Let m(d) = -11*d**3 - 7*d**2 - 13*d + 5. Let i(x) = -x**3 - x. Let n(y) = -10*i(y) + m(y). What is n(-4)?
-31
Suppose 287 - 323 = -3*t. Suppose 37*a - 3*m = 36*a + 14, -2*a + t = 2*m. Let k(n) = n**2 - 5*n - 25. Give k(a).
-1
Suppose 3*m - m - 6 = 4*i, i = 3*m + 16. Let f(q) = -3*q - 7*q + 5 + 12274*q**2 + 3*q - 12275*q**2 - 14. Calculate f(m).
-9
Let x = -4352 - -4354. Suppose 10 = -5*g + 5*v, 6*g - 3*g - v = -6. Let m(p) = -p + 7. Let k(b) = 2. Let c(w) = g*m(w) + 7*k(w). Calculate c(x).
4
Let b(j) = 36*j**2 + 34 + 0*j - 32*j**2 - 29 + 3*j + j**3. Let f be (-12)/(-20) - (-69)/(-15). Give b(f).
-7
Let q(j) = -20*j + 7. Let n(o) = 26*o - 6. Let h(v) = -3*n(v) - 4*q(v). Let x = -87 - -78. What is h(x)?
-28
Suppose 3*j = 3, -1 = -4*r + 5*j - 30. Let n(d) be the third derivative of d**5/60 + d**4/4 - d**3/2 + 24*d**2. Calculate n(r).
-3
Let f = -23 - 65. Let o = -173 + 94. Let n = f - o. Let a(k) = -k**3 - 9*k**2 - k - 10. Give a(n).
-1
Let s(l) = -l**3 + 8*l**2 + 13*l + 5. Let v be s(10). Let o = -64 - v. Let j(z) = 1 - 1 + 3*z + 5*z. Give j(o).
8
Let k(p) = -17 + 102*p - 3*p**2 - 48*p - p**3 - 53*p + 19. What is k(0)?
2
Let n(z) = -22*z - 16. Let f(o) = 31*o + 11. Let t(b) = 2*f(b) + 3*n(b). What is t(-10)?
14
Let u(c) = -c + 8. Let y = 275 + -269. Let a be 48/y + -4 - (-9 + 0). Determine u(a).
-5
Let d(o) = 218 - 4*o + 68 + 43 - 356. Determine d(-10).
13
Let f(c) = -5*c - 266*c**2 + 540*c**2 - 273*c**2. Suppose 0 = -27*v + 31*v - 20. Determine f(v).
0
Let t(m) = -2*m**2 + 8*m + 118. Let l(i) = i**2 + 60*i + 750. Let s be l(-42). Calculate t(s).
-2
Let v(j) be the second derivative of 0 + 0*j**2 + 0*j**3 + 1/15*j**5 + 5/4*j**4 - 26*j - 1/720*j**6. Let i(o) be the third derivative of v(o). Calculate i(0).
8
Let i be (-23)/5 + 332/20 + -17. Let g(m) be the first derivative of -m**4/4 - 7*m**3/3 - 2*m**2 - 6*m + 9. Determine g(i).
-36
Let k(c) = -c**3 - 10*c + 11*c - 10 + 7 - c**2. Suppose 0 = 2*x - 7*x + 3*n - 9, x - 7 = 5*n. Calculate k(x).
12
Let s(q) = 58 + 154 + 105 - 143 + 188 - 40*q. Calculate s(9).
2
Let j(w) be the second derivative of -11*w**3/2 + 2*w**2 + 27*w - 39. What is j(2)?
-62
Let q(t) be the second derivative of 1/2*t**2 + 1/2*t**3 - 6 + 1/6*t**4 + 1/20*t**5 + 25*t. Let y(h) = -h + 2. Let m be y(4). Give q(m).
-5
Let a(o) be the second derivative of o**5/20 + o**4/12 - 7*o**2/2 + 434*o - 1. Determine a(4).
73
Let q(n) be the third derivative of 0*n + 2/15*n**5 + 6 + n**2 - 1/120*n**6 - 1/8*n**4 + 5/6*n**3. Give q(8).
-19
Let x(w) = -34*w**2 + 4*w + 7. Let i be x(-2). Let c = i - -146. Let s(r) = r**2 - 10*r + 12. Determine s(c).
3
Suppose -61*u + 2021 = 2875. Let s(y) = -2*y - 4 + 4. Determine s(u).
28
Let l be (-1 - -1)/(-12*30/120). Let b(m) be the third derivative of 1/24*m**4 + 0*m + l - 4*m**2 + 1/2*m**3 + 1/60*m**5. What is b(0)?
3
Let t = -11 - -12. Let u be (-5)/(t/(1 - 0)). Let b(d) = 40*d**2 + 5. Let m(y) = 73*y**2 - y + 10. Let j(w) = 11*b(w) - 6*m(w). Determine j(u).
15
Let f(w) be the third derivative of -w**5/30 - 5*w**4/8 - 7*w**3/6 + 485*w**2. What is f(-10)?
-57
Let y(n) = -2*n + 6. Let s be y(-12). Let c = s - 34. Let u(o) = -o**2 - 2*o + 1. Determine u(c).
-7
Let o(m) = 1 - 10 - 17*m + 15*m. Let y(t) = t**3 - 2*t**2 - 3*t. Suppose -29 = -4*p - 21. Let a be y(p). Calculate o(a).
3
Let n(b) = -b**3 + 10*b**2 + 38*b + 19. Let p = 3497 - 3484. Determine n(p).
6
Let t = 82 - 72. Suppose -7*d + 39 = -t. Let z(k) = -7*k**2 + k + 4. Let c(l) = -l**2 - l + 1. Let p(x) = 6*c(x) - z(x). Determine p(d).
2
Let x(f) = f**2 + 5*f + 8. Let g = -464 + 472. Let j be -1*(-20)/5 - g. Calculate x(j).
4
Let v(n) = -33*n + 2 + 95*n - 28*n - 33*n - 5. Suppose -12*a + 11*a = -4. Suppose -8 = a*t - 28. What is v(t)?
2
Let j(q) = q**3 - 11*q**2 - 42*q. Let z be j(14). Let u(n) = n**3 + n**2 - n + 2. What is u(z)?
2
Let u(o) = 10*o + 24. Suppose y + 4 = -542*t + 543*t, -4*y = 4*t. Calculate u(y).
4
Let u(d) = -53*d - 531. Let h(b) = -58*b - 545. Let w(l) = -3*h(l) + 4*u(l). Determine w(-13).
5
Let c(z) = -4*z - 42649 - 64*z**2 + 3*z + 42648 - 2*z. Determine c(-1).
-62
Let s = 14 - 11. Let q(p) be the third derivative of -p**4/12 + 7*p**3/6 - 71*p**2. Give q(s).
1
Let m be 1/(1*(-5)/4150). Let i = 837 + m. Let y(s) = -s**3 + 8*s**2 - 9*s + 12. Calculate y(i).
-2
Suppose 123 = -26*r - 15*r. Let g(j) = -50*j - 148. What is g(r)?
2
Let t(g) = g**2 - 2*g. Let w(m